and 2?
2
What is the highest common factor of 52 and 200?
4
What is the greatest common divisor of 12 and 321?
3
What is the highest common divisor of 19738 and 973?
139
What is the highest common factor of 45492 and 6?
6
Calculate the highest common factor of 1030 and 10.
10
What is the greatest common factor of 952 and 56?
56
Calculate the highest common divisor of 170 and 238.
34
What is the greatest common factor of 48 and 9528?
24
What is the greatest common divisor of 24 and 18?
6
Calculate the greatest common factor of 140 and 196.
28
What is the greatest common divisor of 1856 and 800?
32
Calculate the greatest common divisor of 93 and 93.
93
What is the greatest common factor of 763 and 981?
109
Calculate the highest common divisor of 4171 and 43.
43
What is the greatest common factor of 6 and 2349?
3
Calculate the greatest common factor of 72 and 1224.
72
What is the highest common divisor of 138 and 2438?
46
What is the greatest common divisor of 533 and 39?
13
What is the highest common factor of 195 and 3240?
15
Calculate the greatest common factor of 25 and 7500.
25
Calculate the greatest common factor of 145 and 38.
1
What is the highest common divisor of 130 and 182?
26
Calculate the highest common divisor of 8592 and 144.
48
Calculate the greatest common divisor of 18 and 384.
6
Calculate the greatest common factor of 12 and 114.
6
Calculate the highest common divisor of 2160 and 7680.
240
Calculate the highest common factor of 459 and 51.
51
Calculate the highest common divisor of 416 and 32.
32
Calculate the highest common factor of 232 and 232.
232
Calculate the highest common factor of 69 and 12213.
69
What is the highest common factor of 105 and 42?
21
What is the highest common divisor of 2 and 13?
1
What is the highest common factor of 11550 and 378?
42
Calculate the highest common factor of 28 and 742.
14
Calculate the greatest common divisor of 54 and 18.
18
What is the highest common factor of 132 and 36?
12
What is the greatest common divisor of 161 and 6946?
23
Calculate the highest common factor of 156 and 12.
12
Calculate the greatest common factor of 8 and 11204.
4
Calculate the highest common divisor of 165 and 1760.
55
What is the highest common divisor of 62 and 2666?
62
Calculate the highest common factor of 100 and 1700.
100
Calculate the greatest common divisor of 414 and 230.
46
Calculate the highest common factor of 75 and 1675.
25
What is the greatest common factor of 5243 and 107?
107
Calculate the greatest common divisor of 18854 and 22.
22
Calculate the highest common factor of 430 and 30.
10
Calculate the greatest common divisor of 8169 and 21.
21
Calculate the highest common factor of 192 and 6.
6
Calculate the highest common divisor of 6 and 368.
2
What is the greatest common factor of 1416 and 72?
24
What is the greatest common divisor of 3 and 901?
1
What is the greatest common divisor of 44 and 308?
44
What is the greatest common factor of 6771 and 61?
61
What is the greatest common divisor of 2124 and 153?
9
Calculate the greatest common divisor of 103 and 103.
103
Calculate the highest common divisor of 111 and 2701.
37
Calculate the highest common divisor of 480 and 45.
15
What is the greatest common divisor of 544 and 833?
17
What is the highest common factor of 6811 and 278?
139
What is the highest common factor of 4331 and 355?
71
Calculate the highest common factor of 392 and 378.
14
What is the greatest common factor of 24 and 204?
12
What is the greatest common factor of 16694 and 34?
34
Calculate the greatest common factor of 18 and 5094.
18
Calculate the greatest common factor of 6523 and 44.
11
What is the greatest common divisor of 61 and 6161?
61
Calculate the highest common factor of 1365 and 182.
91
What is the highest common factor of 34 and 84456?
34
What is the highest common factor of 57 and 114?
57
What is the greatest common divisor of 81 and 1755?
27
Calculate the highest common factor of 18 and 450.
18
Calculate the highest common divisor of 490 and 2646.
98
Calculate the greatest common factor of 25 and 25.
25
What is the highest common factor of 550 and 670?
10
Calculate the highest common divisor of 1633 and 1491.
71
Calculate the highest common factor of 42 and 342.
6
Calculate the highest common divisor of 1275 and 150.
75
What is the greatest common factor of 81 and 2781?
27
Calculate the highest common divisor of 960 and 18.
6
Calculate the highest common factor of 14740 and 220.
220
Calculate the greatest common factor of 2170 and 1050.
70
What is the highest common factor of 4580 and 40?
20
What is the highest common divisor of 2622 and 152?
38
What is the highest common divisor of 8 and 118?
2
Calculate the highest common factor of 548 and 2055.
137
Calculate the greatest common factor of 3461 and 1.
1
What is the greatest common divisor of 156 and 104?
52
Calculate the greatest common divisor of 2163 and 21.
21
What is the greatest common divisor of 791 and 196?
7
Calculate the greatest common factor of 1085 and 2240.
35
What is the highest common divisor of 35 and 30?
5
What is the greatest common factor of 157 and 2669?
157
What is the highest common divisor of 1173 and 204?
51
Calculate the highest common factor of 3537 and 135.
27
Calculate the highest common factor of 88 and 209.
11
What is the highest common factor of 8451 and 1252?
313
Calculate the highest common divisor of 4851 and 735.
147
Calculate the highest common divisor of 48 and 150.
6
What is the highest common divisor of 54 and 936?
18
What is the highest common divisor of 612 and 34?
34
Calculate the greatest common divisor of 81 and 2646.
27
Calculate the greatest common factor of 1271 and 217.
31
What is the highest common factor of 56 and 8?
8
What is the greatest common factor of 41 and 3?
1
Calculate the greatest common divisor of 38 and 43377.
19
Calculate the highest common divisor of 104 and 923.
13
What is the highest common divisor of 21 and 462?
21
Calculate the greatest common factor of 67 and 201.
67
Calculate the highest common factor of 2948 and 44.
44
Calculate the highest common divisor of 9401 and 476.
119
Calculate the highest common divisor of 208 and 52.
52
What is the greatest common divisor of 187 and 44?
11
Calculate the highest common divisor of 36 and 1152.
36
What is the greatest common factor of 5329 and 438?
73
Calculate the highest common factor of 1064 and 16.
8
Calculate the greatest common divisor of 147 and 26901.
147
Calculate the highest common divisor of 39 and 13.
13
Calculate the highest common divisor of 55 and 15.
5
Calculate the greatest common factor of 893 and 188.
47
What is the highest common factor of 2646 and 162?
54
Calculate the greatest common factor of 6252 and 156.
12
What is the greatest common factor of 2268 and 336?
84
Calculate the highest common divisor of 1242 and 782.
46
What is the greatest common divisor of 292 and 18542?
146
What is the highest common factor of 44 and 1045?
11
Calculate the greatest common divisor of 63 and 567.
63
Calculate the greatest common factor of 3 and 2427.
3
What is the greatest common factor of 145 and 40?
5
Calculate the highest common divisor of 10 and 815.
5
Calculate the greatest common factor of 120 and 15.
15
Calculate the highest common factor of 93 and 31.
31
What is the highest common factor of 384 and 78?
6
Calculate the greatest common factor of 54 and 30.
6
What is the greatest common divisor of 215 and 65?
5
Calculate the greatest common divisor of 22 and 352.
22
Calculate the greatest common divisor of 10 and 31.
1
What is the highest common divisor of 111 and 3?
3
What is the highest common factor of 490 and 210?
70
What is the highest common divisor of 172 and 387?
43
Calculate the highest common divisor of 900 and 3825.
225
What is the greatest common factor of 2 and 826?
2
Calculate the greatest common factor of 15 and 235.
5
What is the greatest common factor of 4550 and 26?
26
Calculate the greatest common divisor of 33 and 4400.
11
What is the greatest common divisor of 15369 and 94?
47
What is the greatest common divisor of 189 and 49?
7
What is the highest common divisor of 60 and 2055?
15
What is the highest common divisor of 351 and 1807?
13
What is the greatest common fa